+ 279 + 15/m?
277
Let v be (12 - (5 - 9)) + -4. Suppose v = -4*h, -3*t - 3*h = -0*t - 213. What are the prime factors of t?
2, 37
Suppose 32842 - 504827 = -14*f + 138205. What are the prime factors of f?
5, 23, 379
Let p(l) = 9*l**3 - 22*l**2 + 15*l + 20. Let s(y) = -11*y**3 + 22*y**2 - 15*y - 20. Let g(i) = -6*p(i) - 5*s(i). List the prime factors of g(-22).
2, 5, 31
Suppose 129*x + 76060 = 2*c + 125*x, 0 = -5*c + x + 190105. List the prime factors of c.
2, 5, 1901
Let n = -81 + 55. Let c = n - -17. List the prime factors of (-15)/((-135)/(-2)) + (-1226)/c.
2, 17
Let h = 946 + -1374. Let z = 662 + h. What are the prime factors of z?
2, 3, 13
Suppose 2 = 49*y - 47*y. Let h be (-3)/(-2*y/(-250)). Let v = h - -558. What are the prime factors of v?
3, 61
Let r = 35415 + -10925. List the prime factors of r.
2, 5, 31, 79
Suppose -54*q - 36*q + 2095920 = 0. List the prime factors of q.
2, 41, 71
Suppose 0*d = -d + 5. Suppose 5*q + 4*w + 8 = 0, -4 + 6 = d*q - w. Suppose 5*h - 210 = -q*h. What are the prime factors of h?
2, 3, 7
Suppose 41*n - 187*n + 227487 + 371405 = 0. List the prime factors of n.
2, 7, 293
Suppose -25 = 5*t, 4*t - 1 = -4*o - 21. Suppose 3*k + 4*k - 21 = o. Suppose 0 = 5*y + k*q - 316, -4*y + 42 = -2*q - 202. What are the prime factors of y?
2, 31
Let l(s) = -303 + 297 - 13*s + 4*s**2 - 5*s**2. Let w be l(-12). Suppose -3*b - w*h + 554 = -2*h, 4*h - 20 = 0. What are the prime factors of b?
2, 89
Let s = 173441 - 119775. What are the prime factors of s?
2, 26833
Let w(v) = -808*v + 157. Let h be w(-3). Let s = h - 1757. What are the prime factors of s?
2, 103
Let g(t) = -27*t**3 + 19*t**2 - 19*t + 6. Let x(o) = -o + 6*o + o + 9*o**3 + 119 - 6*o**2 - 121. Let l(v) = 2*g(v) + 7*x(v). List the prime factors of l(2).
2, 31
Let w = -378 - -684. Let m = -72 + w. What are the prime factors of m?
2, 3, 13
What are the prime factors of ((-116721)/15 + 5)/(3 - (-34)/(-10))?
19441
Let w(k) = -k**2 - 3*k + 2. Let l be w(2). Let r be 3/((-3 + 5)/(-2)). What are the prime factors of r/((-156)/l) - (-3254)/26?
5
Let s be 9/((1/1)/((-2)/(-2))). Let p(v) = 3*v**2 - 5*v + 113. List the prime factors of p(s).
311
List the prime factors of (40 - -89)*(-2 - 341/(-3)).
5, 43, 67
Let a(v) = v**3 + 17*v**2 + 13*v - 35. Let o be a(-16). Let r(j) = -5*j + 19. Let s be r(o). Let h = 114 + s. What are the prime factors of h?
2, 17
Let d = 294 + 509. Suppose 43*h - 44*h + 1 = 0. List the prime factors of h*d/9 + 34/(-153).
89
What are the prime factors of (1101/5)/(116/(-2100) - 6/(-63))?
3, 5, 367
Let u = 200 + -197. Let i(r) = 268*r. What are the prime factors of i(u)?
2, 3, 67
Let w(x) = -50*x + 12. Let d be w(-6). Let q = -419 - -467. Let j = d - q. What are the prime factors of j?
2, 3, 11
Suppose 61*w - 12 = 57*w, -l - 5*w + 17 = 0. Let q(u) = 123*u**3 - 2*u**2 + 6*u - 1. What are the prime factors of q(l)?
3, 7, 47
Let q = -30594 + 43565. What are the prime factors of q?
7, 17, 109
Let d(p) = -4 - p**2 - 3*p**2 + p + 3*p**2 + 2. Let s be d(2). List the prime factors of (2 + -266)/(-3) + s.
2, 3, 7
Let s(a) = a**2 - 2*a + 36. Let v be s(0). Suppose 0 = f + t - 364, -4*t + v = -4*f + 1492. Suppose f + 116 = 6*g. What are the prime factors of g?
2, 5
Suppose -866*m = -983*m + 3965481. What are the prime factors of m?
33893
Let h be (-12)/(-9)*2*27/18. Suppose -h*j = -2*p - 2838, j = -3*j + 4*p + 2844. List the prime factors of j.
2, 3, 59
Suppose 2*h + 2*j - 14 = 0, -2*h + 2*j + 13 = -5. Let t be (h + -3)*(2 + -2 + 5). List the prime factors of 336/10 - (-2 + 65/t).
3, 11
Let c(m) = m**3 + m**2 - 12*m + 10. Suppose 0 = 3*t - 3*a - 162 - 63, 359 = 5*t + 3*a. Let j = -69 + t. What are the prime factors of c(j)?
2, 3, 7
Let r = -69 + -7. Let g = r - -2. Let p = g + 95. What are the prime factors of p?
3, 7
Let w(m) = m**2 - 2*m + 17. Let g(v) = 8*v - 16. Let j be g(2). Let t be w(j). Suppose 20*u = t*u + 456. List the prime factors of u.
2, 19
Let o = 268 + -415. Suppose -2*x - 552 = -4*p, -x - 227 - 73 = 6*p. Let b = o - x. List the prime factors of b.
3, 5
Suppose 61*m + 62957 = -119921. Let k = m - -5044. What are the prime factors of k?
2, 3, 11, 31
Let j = 1397 + -716. Let r = 979 - j. What are the prime factors of r?
2, 149
Let v(l) = l**2 + 29*l - 3550. What are the prime factors of v(85)?
2, 5, 307
Let c = 144718 + -85184. What are the prime factors of c?
2, 17, 103
Let t be 54/5*(-40)/12. List the prime factors of 6/(t/885)*(-144)/30.
2, 3, 59
Let g(v) = 87*v**2 - 34*v - 41. Let t(s) = 44*s**2 - 16*s - 20. Let q(i) = -3*g(i) + 7*t(i). Suppose -4*p = 8 - 0. What are the prime factors of q(p)?
191
Let b(a) = a**3 - 14*a**2 + a - 10. Let j be b(14). Let m(c) = j*c + 63*c**2 - 3*c - 4*c - 37*c**2 + 4. What are the prime factors of m(2)?
2, 3, 17
Let k be 10/(-6) - 10/(-15). Let h(u) = -57*u + 4 - 18*u - 7 + 24*u - 31*u. What are the prime factors of h(k)?
79
Let m(i) be the third derivative of -i**6/60 + 19*i**5/60 - i**4/12 - i**3/3 - 7*i**2 - i. What are the prime factors of m(9)?
61
Suppose 4*t - 108340 = 4*j, -211*t = -212*t - j + 27087. List the prime factors of t.
2, 29, 467
Suppose 9 = 5*x - 1. Let f be (-18)/4 + (-45)/(-30). What are the prime factors of 48 + 0 + x - f?
53
Suppose 2697 + 2284 = 6*r - 3809. What are the prime factors of r?
5, 293
Let u be (-312)/(-21) + (-9)/(-63). What are the prime factors of (-1299*(-10)/u)/2?
433
Suppose 5*p + p - 168960 = -58*p. List the prime factors of p.
2, 3, 5, 11
Let r = -43 + 43. Let k(v) = -v**2 - 2*v - 16. Let s be k(r). Let n = 22 - s. What are the prime factors of n?
2, 19
Let n(l) = -18*l**3 + 5*l**2 - 4*l + 18. What are the prime factors of n(-7)?
3, 5, 431
Suppose -73360 - 17773 = -5*b - x, 0 = 3*b - 3*x - 54687. List the prime factors of b.
11, 1657
Suppose 2*r - 100 = -5*o, 7*r - 4*r + o - 163 = 0. Let b = r + -82. List the prime factors of ((-38)/5)/(-2 + b/(-15)).
2, 19
List the prime factors of 7215008/414 + 12/27.
2, 4357
Let h(q) = 96*q**2 - 2. Suppose -8*g - 78 - 50 = 0. Let u = 17 + g. List the prime factors of h(u).
2, 47
Let h = -5168 - -8404. What are the prime factors of h?
2, 809
Let h be -111 - (5/5 + -2). Let z = h - -422. What are the prime factors of z?
2, 3, 13
Suppose 6*y + 92 = 134. Suppose -y*x + 33*x - 16926 = 0. List the prime factors of x.
3, 7, 31
What are the prime factors of (-1)/(0 + 4/20)*(-22556)/5?
2, 5639
Let b = -17894 + 29579. What are the prime factors of b?
3, 5, 19, 41
Let d = -5862 + 20220. What are the prime factors of d?
2, 3, 2393
Suppose -4*l + 893 = g - 180, 2*g + 5*l = 2152. What are the prime factors of g?
23, 47
Suppose -10825333 = -176*d - 177*d + 5410196. List the prime factors of d.
3, 15331
What are the prime factors of (-237)/4*(-8660)/15 - 6?
23, 1487
Let g be (5/75*102)/((-1)/45). Let c = 319 + g. What are the prime factors of c?
13
Let k(n) = 532*n**2 - 4*n + 152. List the prime factors of k(5).
2, 23, 73
Suppose 5*p - 187 - 133 = 0. Suppose -14 = -b - 4*d + p, 0 = -b - 5*d + 77. Let c = -53 + b. List the prime factors of c.
29
Let u(i) = -i**3 - 23*i**2 + 53*i + 184. What are the prime factors of u(-34)?
2, 31, 179
Let s(i) = 7*i**2 - 69*i + 252. List the prime factors of s(-20).
2, 277
Suppose -2*k = -5*k - 12. Let n(h) = h**3 + 3*h**2 - 8*h - 10. Let w be n(k). What are the prime factors of (w/30)/((-1)/(-85))?
17
Let g(x) = -x**2 - 14*x - 32. Let t(r) = 2. Let q(u) = -1. Let o(c) = -3*q(c) - 2*t(c). Let a(z) = -g(z) + 2*o(z). What are the prime factors of a(-12)?
2, 3
List the prime factors of 4 + (-198035)/(-25) - 38/95.
5, 317
Suppose 0 = -a + m - 1, -4*a - 12*m + 14*m = 6. Let s(c) = 8*c**2 - c - 4 - 7*c**3 - 5*c**2 + 0*c. List the prime factors of s(a).
2, 3, 11
Let b(m) = m**2 + 19*m + 20. Let f be ((-63)/2)/(-3)*190/(-15). Let t = f - -114. What are the prime factors of b(t)?
2, 5
Let s = -634 - -766. Suppose -5*x + s + 698 = 0. What are the prime factors of x?
2, 83
Suppose -3*x - 377 = 100. Let l be (x/6)/((-12)/8 - -1). Let v = 155 - l. List the prime factors of v.
2, 3, 17
Let n = 6 - 4. Let a(y) = 18*y**2 - 4*y. Let w be a(-2). Suppose r = -r - n*c + w, -5*r + 203 = 2*c. What are the prime factors of r?
41
Let f(i) = i - 6. Let n be f(8). Suppose -5*k + 43 = -4*k - 3*l, -4*k + n*l = -152. List the prime factors of k.
37
Su